0
10 + (-30 - -28 - (1 + -3))
10
Calculate 1 + -1 + -3 + -1.
-4
What is 8 - (-1 + (-2 - (-5 + -4)))?
2
Evaluate 5 + -25 + 2 - (2 - 9).
-11
What is the value of (0 - (-8 + 11 - 2)) + -7?
-8
What is the value of (-3 + 4 - 6) + 2 + -3?
-6
-5 + 0 - (-14 + 6 + 8)
-5
-1 + (-1 - (-5 - 0))
3
What is 6 - (4 + 6 + 6) - -5?
-5
What is the value of (-7 - (2 - 7)) + (0 - -3)?
1
What is the value of 27 + -31 + 8 + -1 + 0?
3
-2 + (-7 - -9) + (2 - 2)
0
Evaluate 8 - (16 + -4) - (1 - 9).
4
Calculate (-3 - (-6 - -4)) + -1 + -2.
-4
What is the value of 0 - (4 + -4) - 3?
-3
Evaluate 0 + 1 - (8 - (-5 + 10)).
-2
What is the value of 88 - 98 - (-1 - 4)?
-5
(3 + -2 - -1) + 0 + -7
-5
43 - 44 - ((-4 - -2) + 1)
0
What is -3 - (3 + -2) - 1?
-5
What is the value of -6 + 1 + -5 + 2?
-8
Calculate (-31 - -31) + -3 + 1 + -2.
-4
What is the value of 6 + (-1 - 6) + 6?
5
What is the value of -4 + 9 + -5 + 1 - 3?
-2
Evaluate 0 + 4 - (32 - 26).
-2
(-8 - (2 + -5)) + 3 - 0
-2
Evaluate 5 + -1 + (7 - (10 - 4)).
5
Evaluate 1 - (1 + (5 - 2)) - -4.
1
Evaluate 0 + (5 - -2) + -1.
6
What is -9 - -19 - 5 - 12?
-7
-15 - -6 - -6 - -5 - -3
5
Calculate -1 - (-7 + -1 + 6).
1
(5 - -1) + -4 + -5
-3
Calculate 5 + (-5 - -3) + -11 + 6.
-2
Evaluate 9 + -6 + (1 - -2) + -1.
5
What is (-2 - 5) + 19 + -8?
4
(-2 - (-17 + 13)) + -11
-9
-8 + (8 - -3) - (1 + 1)
1
What is the value of 0 - (7 + -1 + -5)?
-1
Calculate (-2 - (1 - -2)) + 1.
-4
0 + (0 - -2 - (8 + -7))
1
What is (0 + (-5 - -3) - -2) + 2?
2
What is -1 + (-6 - -10) + -5?
-2
Evaluate 9 + -6 + 6 + -6.
3
What is 0 - (5 + 1 + -1)?
-5
What is 0 + (-3 - -2) - 1?
-2
What is the value of (12 + -11 - 5) + 0?
-4
Calculate -4 + -8 + -4 + 16.
0
What is 1 + -2 - (-1 + 5)?
-5
Evaluate -1 + -5 - -12 - 5.
1
(2 - -4) + -4 + -3
-1
-1 + (4 - 4) + -1 + 1
-1
0 + (-3 - -2 - (2 + -6))
3
What is (-2 - (-2 + 1)) + -4?
-5
Calculate 2 + (1 - (-4 - (-3 - 2))).
2
What is -2 - -5 - (8 + -8)?
3
What is the value of (28 - 24) + (-1 - (-1 - 2))?
6
What is the value of 5 - (1 - 7 - -12 - 2)?
1
Evaluate 11 + (-5 - -1) + -2.
5
Evaluate -3 + -3 + 7 + 0 + 0.
1
Evaluate -6 - (4 + -6 + -5) - -3.
4
What is the value of -4 - (-1 - (0 - (-2 + -6)))?
5
Evaluate -9 - ((-5 - -12 - 5) + -7).
-4
Evaluate 11 + (0 - -1) + -10.
2
Evaluate 4 + -10 + 3 + 2.
-1
What is the value of (-7 - -6) + -5 + 1 + 0?
-5
-4 - -1 - (28 + -23)
-8
-4 - (-4 + (6 - 6))
0
What is the value of 43 + -58 - (0 + -9)?
-6
What is the value of (0 - (1 - 4)) + -7?
-4
What is the value of 2 - (18 - 9 - 11)?
4
What is the value of -16 - -8 - (9 + -23)?
6
(-1 - 1) + 51 + -57
-8
-14 + 11 + -1 + -1
-5
What is -1 + 6 - (-1 - -1)?
5
What is the value of 3 + (1 + -1 + -4 - 3)?
-4
What is the value of (-3 - -5) + -1 + -4 + 7?
4
-5 - -4 - 6 - (4 - 5)
-6
Evaluate 0 + (4 + -5 - 2) + 1.
-2
(0 - 4) + (24 - 24)
-4
What is the value of (5 - 16) + 7 + 4 - 7?
-7
Calculate 0 + -5 - (-14 + 10 + 0).
-1
4 + 6 + 0 + -16
-6
-4 + 1 + -5 + 14
6
What is the value of 9 + 1 - (-11 + -4 + 15)?
10
What is (-9 - -11) + (1 - 0) + -4?
-1
10 - (-5 - -7) - 7
1
Calculate 12 - 2 - 13 - (0 + -1).
-2
Evaluate 6 - (17 - (-5 - -6)).
-10
Calculate 13 + (-12 - 0) - (-1 - -1).
1
What is (-1 - -3) + -3 + 7?
6
What is the value of (6 - (19 + -17)) + -1 + -6?
-3
Evaluate 5 + -2 + (2 - 1).
4
Calculate -13 + 11 + (-2 - (-1 + 0)).
-3
-4 - (2 + -6 + 3)
-3
Calculate -3 + 1 + 15 - 7 - 4.
2
Calculate 0 + -6 - (-30 - -18) - 14.
-8
What is the value of 2 + 4 + -6 + 0 + 5?
5
What is the value of 1 + (4 - 2) - 4?
-1
Evaluate (4 - 3) + 5 + -2 + -6.
-2
What is 10 + -7 + -1 + 4?
6
What is -6 - ((-11 - -9) + (-1 - 0))?
-3
What is the value of 2 + -2 + 2 + 7 + -6?
3
Calculate -1 + 6 + (10 - 14).
1
What is the value of 9 - (-7 + (-6 - 2 - -20))?
4
What is 96 + -107 - (0 + -6)?
-5
Calculate (7 - 4) + -7 + -7.
-11
What is the value of -1 - (-1 + 2) - (1 + -1)?
-2
1 + (-2 - 0) + -2
-3
What is the value of 7 + 9 + -8 + (2 - 7)?
3
What is the value of (-4 - 0 - 0) + (-28 - -37)?
5
-1 + 0 - (-42 + 41) - 3
-3
What is (-7 - (-10 - -5)) + 1?
-1
What is the value of 0 - (0 + -1) - (-42 - -38)?
5
3 + 1 + (0 - 2)
2
Evaluate 7 - (11 - (1 + 12)).
9
What is the value of 5 + -1 - (-8 - -13)?
-1
Calculate 2 + -4 - (-3 - (-1 + -1)).
-1
0 - (1 + (2 - (3 - 5)))
-5
What is 10 + -7 + 3 + -1?
5
Evaluate (7 - 4) + 1 - (-6 - -4).
6
What is 82 + -91 + (11 - 1)?
1
Evaluate 0 - (-1 - -5 - (-21 + 23)).
-2
What is the value of 14 + -5 - (14 - 0)?
-5
What is the value of 3 + 2 + 0 + -2?
3
What is -2 + (7 - 1) + -10 - -5?
-1
What is the value of 5 - (5 - (-2 + 3 - 0))?
1
1 - -1 - (-1 - -6)
-3
What is the value of (4 - 2) + -13 + (7 - 2)?
-6
What is the value of (4 - 2 - -2 - 3) + -3?
-2
-8 - (-9 + -8 + 6)
3
Evaluate 7 + (-1 - 5 - -2) - 2.
1
Evaluate 0 + 1 + -2 + 2.
1
Calculate -134 + 135 + (0 - 10).
-9
What is -1 + (3 - (11 - 5))?
-4
(-5 - -2) + -2 - (-6 - -3)
-2
Calculate (0 - 4) + (-5 - -5) + 5.
1
What is -3 + (7 - 3 - 4)?
-3
-5 + 17 - 8 - (5 - 0)
-1
Calculate -11 + 9 + 7 - (2 - 0).
3
What is the value of -1 + 1 + 10 + -9 + 6?
7
What is the value of 13 + (-9 - (7 - 10))?
7
What is -6 + 1 + -5 + 6?
-4
Calculate -17 + 10 + (4 - 2).
-5
Calculate (-4 - -2) + (4 + -3 - 4).
-5
What is the value of 3 - (-8 - (-11 + 1))?
1
What is the value of -2 - (1 - 7 - 0)?
4
What is -16 - -12 - (-1 + -2 + 1)?
-2
Evaluate (-1 - 6) + (81 - 73).
1
Evaluate -1 + -14 - (2 + -4 + -5).
-8
What is 3 + -1 + (4 - 7)?
-1
Evaluate (-15 - -7 - -11) + 1 + -9.
-5
Calculate 10 + -3 + 1 - (-1 + 4).
5
What is (43 - 37) + -2 + -1?
3
What is 11 + -9 + -8 - (0 + -1)?
-5
Evaluate -20 + 9 + 6 + -3.
-8
Evaluate 6 - (-1 + 10 + -7).
4
Evaluate (-3 + 5 - -2) + -1 - -3.
6
What is 1 - (-4 - (3 + 1 - 11))?
-2
Evaluate 2 - (4 + -5 + 2) - 3.
-2
82 - 77 - (-1 + -1 + 5)
2
What is the value of (-84 - -84) + (1 - (1 - 2))?
2
Evaluate (0 - -2) + 1 - (42 - 37).
-2
Calculate -1 + (-2 + -2 - -7).
2
Calculate (-5 - -3) + (1 - 4).
-5
Evaluate -1 + 9 + -2 + -13.
-7
What is 0 + 4 - 3 - (1 - 5)?
5
6 - (2 + -4) - (-48 + 54)
2
What is 0 - (1 - (-2 - -4))?
1
5 - (2 + 2 - 6) - 4
3
What is the value of -4 - -3 - (5 + -2 + -3)?
-1
Evaluate 4 + -3 + 7 + -19.
-11
What is (24 - 23) + (-1 - (2 - -1))?
-3
What is the value of -3 - (-4 + 5 + -1)?
-3
What is the value of -5 - (-2 - (13 + -3)) - 4?
3
Evaluate (-2 - 0) + 3 - 1.
0
What is 1 + -4 + 7 - (-1 - -9)?
-4
-2 + 1 + (-1 - -7 - 2)
3
Calculate 3 - (1 + 1) - (42 + -36).
-5
Evaluate ((1 - -1) + 0 - 2) + 3.
3
What is the value of -1 + 7 + -7 + -12 + 15?
2
2 + -2 + -1 + (1 - 3)
-3
What is the value of 0 - (-4 + 13 + -1) - -3?
-5
Calculate (0 - 3 - -2) + 5 + 0.
4
What is (-3 - (7 + -11 - 0)) + 4?
5
Calculate -4 - ((6 - -1) + -1 + -3).
-7
What is the value of (13 - 17 - -3) + 3 + 0?
2
Evaluate -11 + 4 - (-1 - 2).
-4
Evaluate (-6 - -1 - (-7 + 5)) + -1.
-4
Calculate -1 - (-5 - -1) - 3 - -2.
2
Evaluate -3 + 8 + -5 + -5 - 2.
-7
What is 3 - 12 - (23 + -28)?
-4
What is (-8 - (-4 - -2)) + -75 + 81?
0
What is 2 - (-3 - (-3 + 1 - 1))?
2
1 + (1 - 3) + 0
-1
-5 + (10 - 13) + 1
-7
What is 2 + -6 - (-8 + 2 + -2)?
4
What is the value of (2 - (4 - 4)) + (-2 - 2)?
-2
-1 - ((3 - 9) + 6)
-1
What is the value of -1 + 2 + 1 - 6?
-4
Calculate -8 + 7 + 0 + 6 + -2.
3
What is the value of 9 + 8 + 8 + -4 + -17?
4
Calculate -77 + 76 - (1 + (1 - 2)).
-1
Evaluate -9 + (1 - -3) + 0 - -3.
-2
What is -2 + -3 + 7 + -3 + 0?
-1
What is 6 + -1 + -10 + 8?
3
What is 1 + 0 - (3 + -1 + -5)?
4
What is the value of 2 - ((17 - -5) + -12)?
-8
Evaluate -5 + -7 + 7 - -4.
-1
What is 1 + -3 + -10 + 6 + 3?
-3
Calculate 3 + (-12 + 18 - (1 + 3)).
5
(1 - (0 + -1)) + -3 + 6
5
2 + 8 + (-3 - -4) + -7
4
(1 - 2) + (26 - 29)
-4
What is -1 + 2 - (-8 + 6)?
3
Evaluate (-3 - -14 - 5) + -6.
0
What is 0 + (7 - 3 - 0)?
4
Evaluate (-2 - 2) + (0 - -1).
-3
0 + 18 + -12 - 5
1
Evaluate (13 - 12) + -7 + -5 + 2.
-9
-2 - ((0 - 5) + -3 + 3)
3
What is the value of -4 - (3 - (6 - (6 + -3)))?
-4
Evaluate (-9 - -5) + 0 + 4.
0
Calculate 13 + (-10 - 3) + 4.
4
Evaluate 0 + 15 + -16 + 10 + -4.
5
Calculate -3 - (7 - 3 - 11).
4
What is (1 - 3) + (1 - (-6 - 0))?
5
Calculate -3 + (-4 - -5) - (-3 + -2).
3
What is the value of 3 + -1 + (1 + 10 - 10)?
3
What is the value of -2 + -3 - -1 - -5?
1
What is the value of 0 + 6 - -3 - (19 - 15)?
5
-5 + -9 + (-6 - -17)
-3
Evaluate -2 + (-2 - -3 - -3) + 0.
2
4 + -1 - (13 + -12 - 2)
4
What is the 